is the remainder when 338139 is divided by 338081?
58
Calculate the remainder when 2554554 is divided by 3.
0
Calculate the remainder when 232538 is divided by 604.
602
Calculate the remainder when 65488 is divided by 63.
31
Calculate the remainder when 346084 is divided by 25.
9
What is the remainder when 13993 is divided by 557?
68
What is the remainder when 47518 is divided by 330?
328
Calculate the remainder when 66637 is divided by 47.
38
Calculate the remainder when 27956 is divided by 98.
26
What is the remainder when 55901 is divided by 7983?
20
Calculate the remainder when 172452 is divided by 117.
111
What is the remainder when 19463 is divided by 4863?
11
What is the remainder when 243104 is divided by 121547?
10
Calculate the remainder when 13855 is divided by 63.
58
Calculate the remainder when 4729 is divided by 132.
109
What is the remainder when 5745 is divided by 5714?
31
Calculate the remainder when 16925517 is divided by 436.
433
Calculate the remainder when 75923 is divided by 143.
133
What is the remainder when 260826 is divided by 788?
786
What is the remainder when 72288 is divided by 36?
0
Calculate the remainder when 5548 is divided by 1721.
385
What is the remainder when 608171 is divided by 225?
221
What is the remainder when 9933 is divided by 4960?
13
Calculate the remainder when 3946 is divided by 255.
121
Calculate the remainder when 276502 is divided by 297.
292
What is the remainder when 15532 is divided by 706?
0
What is the remainder when 863599 is divided by 414?
409
What is the remainder when 4554 is divided by 339?
147
Calculate the remainder when 968820 is divided by 604.
4
Calculate the remainder when 45120 is divided by 1607.
124
What is the remainder when 12726 is divided by 6327?
72
Calculate the remainder when 4609498 is divided by 375.
373
What is the remainder when 19868 is divided by 3973?
3
What is the remainder when 2957008 is divided by 73?
70
Calculate the remainder when 113470 is divided by 144.
142
What is the remainder when 8752 is divided by 1424?
208
What is the remainder when 20303 is divided by 6651?
350
What is the remainder when 24445 is divided by 401?
385
Calculate the remainder when 11090 is divided by 2.
0
What is the remainder when 19629 is divided by 6528?
45
What is the remainder when 74960 is divided by 164?
12
Calculate the remainder when 38378 is divided by 95.
93
What is the remainder when 105345 is divided by 25?
20
Calculate the remainder when 1245 is divided by 545.
155
Calculate the remainder when 282080 is divided by 70519.
4
Calculate the remainder when 6289 is divided by 3081.
127
What is the remainder when 9562 is divided by 114?
100
Calculate the remainder when 383411 is divided by 82.
61
What is the remainder when 10214 is divided by 1398?
428
What is the remainder when 534 is divided by 318?
216
Calculate the remainder when 110472 is divided by 174.
156
What is the remainder when 2888 is divided by 1278?
332
Calculate the remainder when 12207 is divided by 1021.
976
What is the remainder when 11868 is divided by 2939?
112
What is the remainder when 1694 is divided by 112?
14
What is the remainder when 3007 is divided by 16?
15
What is the remainder when 2546 is divided by 184?
154
What is the remainder when 726 is divided by 464?
262
What is the remainder when 1476774 is divided by 28?
26
What is the remainder when 21861 is divided by 22?
15
Calculate the remainder when 19421 is divided by 3236.
5
Calculate the remainder when 22229 is divided by 285.
284
Calculate the remainder when 14533 is divided by 234.
25
What is the remainder when 393413 is divided by 323?
322
Calculate the remainder when 39673 is divided by 467.
445
What is the remainder when 326 is divided by 273?
53
Calculate the remainder when 1751998 is divided by 20.
18
What is the remainder when 10412 is divided by 92?
16
Calculate the remainder when 58678 is divided by 376.
22
Calculate the remainder when 1187 is divided by 152.
123
What is the remainder when 7431 is divided by 35?
11
What is the remainder when 79262 is divided by 16?
14
What is the remainder when 5349 is divided by 1757?
78
What is the remainder when 411 is divided by 100?
11
Calculate the remainder when 347770 is divided by 417.
409
Calculate the remainder when 2723089 is divided by 454.
451
What is the remainder when 37783 is divided by 2511?
118
What is the remainder when 14980 is divided by 55?
20
Calculate the remainder when 93957 is divided by 42.
3
What is the remainder when 471358 is divided by 491?
489
What is the remainder when 258733 is divided by 141?
139
Calculate the remainder when 690 is divided by 103.
72
Calculate the remainder when 26435 is divided by 13215.
5
Calculate the remainder when 3345 is divided by 428.
349
Calculate the remainder when 15994 is divided by 124.
122
Calculate the remainder when 58481 is divided by 19419.
224
Calculate the remainder when 1778008 is divided by 390.
388
Calculate the remainder when 84883 is divided by 745.
698
What is the remainder when 3422 is divided by 3414?
8
Calculate the remainder when 2565 is divided by 757.
294
What is the remainder when 953 is divided by 416?
121
Calculate the remainder when 48847 is divided by 242.
205
What is the remainder when 6413 is divided by 2039?
296
What is the remainder when 45812 is divided by 332?
328
What is the remainder when 39226 is divided by 65?
31
What is the remainder when 61715 is divided by 233?
203
Calculate the remainder when 41333 is divided by 574.
5
Calculate the remainder when 12963 is divided by 2429.
818
What is the remainder when 9120 is divided by 419?
321
Calculate the remainder when 46040 is divided by 4.
0
What is the remainder when 57847 is divided by 636?
607
What is the remainder when 62756 is divided by 1335?
11
What is the remainder when 9179 is divided by 705?
14
What is the remainder when 18412 is divided by 79?
5
What is the remainder when 54756 is divided by 148?
144
Calculate the remainder when 90992 is divided by 11373.
8
What is the remainder when 3150651 is divided by 31?
28
Calculate the remainder when 1813724 is divided by 225.
224
What is the remainder when 37740 is divided by 18840?
60
What is the remainder when 1543 is divided by 381?
19
What is the remainder when 15868 is divided by 53?
21
What is the remainder when 5111 is divided by 1477?
680
Calculate the remainder when 313618 is divided by 334.
326
What is the remainder when 4527 is divided by 228?
195
What is the remainder when 4328 is divided by 289?
282
What is the remainder when 508352 is divided by 41?
34
What is the remainder when 10936 is divided by 30?
16
What is the remainder when 770882 is divided by 265?
262
What is the remainder when 45755 is divided by 32?
27
Calculate the remainder when 2450 is divided by 2406.
44
Calculate the remainder when 23932 is divided by 997.
4
What is the remainder when 95052 is divided by 23?
16
What is the remainder when 26968 is divided by 82?
72
What is the remainder when 8777 is divided by 8080?
697
What is the remainder when 71456 is divided by 670?
436
What is the remainder when 16702 is divided by 49?
42
Calculate the remainder when 8809994 is divided by 148.
146
Calculate the remainder when 9288 is divided by 773.
12
Calculate the remainder when 4766 is divided by 566.
238
Calculate the remainder when 873195 is divided by 13.
11
What is the remainder when 194 is divided by 77?
40
What is the remainder when 6017 is divided by 1724?
845
Calculate the remainder when 17951 is divided by 299.
11
Calculate the remainder when 36956 is divided by 396.
128
What is the remainder when 189223 is divided by 706?
15
Calculate the remainder when 2437 is divided by 757.
166
Calculate the remainder when 17906 is divided by 320.
306
What is the remainder when 5131851 is divided by 253?
252
Calculate the remainder when 2341 is divided by 357.
199
What is the remainder when 4597 is divided by 1148?
5
Calculate the remainder when 30939 is divided by 703.
7
What is the remainder when 15481 is divided by 36?
1
What is the remainder when 22623 is divided by 238?
13
Calculate the remainder when 191403 is divided by 232.
3
What is the remainder when 16322 is divided by 22?
20
What is the remainder when 14154 is divid